{"id":150,"date":"2024-03-21T11:26:16","date_gmt":"2024-03-21T11:26:16","guid":{"rendered":"https:\/\/dpfspa.hu\/?page_id=150"},"modified":"2024-03-21T13:20:39","modified_gmt":"2024-03-21T13:20:39","slug":"rolunk","status":"publish","type":"page","link":"https:\/\/dpfspa.hu\/index.php\/rolunk\/","title":{"rendered":"R\u00f3lunk"},"content":{"rendered":"\t\t<div data-elementor-type=\"wp-page\" data-elementor-id=\"150\" class=\"elementor elementor-150\" data-elementor-post-type=\"page\">\n\t\t\t\t<div class=\"elementor-element elementor-element-9b6d9a6 e-flex e-con-boxed e-con e-parent\" data-id=\"9b6d9a6\" data-element_type=\"container\" data-settings=\"{&quot;jet_parallax_layout_list&quot;:[],&quot;background_background&quot;:&quot;classic&quot;}\" data-core-v316-plus=\"true\">\n\t\t\t\t\t<div class=\"e-con-inner\">\n\t\t<div class=\"elementor-element elementor-element-03f144b e-con-full e-flex e-con e-child\" data-id=\"03f144b\" data-element_type=\"container\" data-settings=\"{&quot;background_background&quot;:&quot;classic&quot;,&quot;jet_parallax_layout_list&quot;:[]}\">\n\t\t<div class=\"elementor-element elementor-element-0fe06b2 e-flex e-con-boxed e-con e-child\" data-id=\"0fe06b2\" data-element_type=\"container\" data-settings=\"{&quot;jet_parallax_layout_list&quot;:[]}\">\n\t\t\t\t\t<div class=\"e-con-inner\">\n\t\t\t\t<div class=\"elementor-element elementor-element-a9704b4 elementor-widget elementor-widget-heading\" data-id=\"a9704b4\" data-element_type=\"widget\" data-widget_type=\"heading.default\">\n\t\t\t\t<div class=\"elementor-widget-container\">\n\t\t\t<style>\/*! elementor - v3.20.0 - 20-03-2024 *\/\n.elementor-heading-title{padding:0;margin:0;line-height:1}.elementor-widget-heading .elementor-heading-title[class*=elementor-size-]>a{color:inherit;font-size:inherit;line-height:inherit}.elementor-widget-heading .elementor-heading-title.elementor-size-small{font-size:15px}.elementor-widget-heading .elementor-heading-title.elementor-size-medium{font-size:19px}.elementor-widget-heading .elementor-heading-title.elementor-size-large{font-size:29px}.elementor-widget-heading .elementor-heading-title.elementor-size-xl{font-size:39px}.elementor-widget-heading .elementor-heading-title.elementor-size-xxl{font-size:59px}<\/style><h2 class=\"elementor-heading-title elementor-size-default\">Kik vagyunk?<\/h2>\t\t<\/div>\n\t\t\t\t<\/div>\n\t\t<div class=\"elementor-element elementor-element-ec07e09 e-flex e-con-boxed e-con e-child\" data-id=\"ec07e09\" data-element_type=\"container\" data-settings=\"{&quot;jet_parallax_layout_list&quot;:[]}\">\n\t\t\t\t\t<div class=\"e-con-inner\">\n\t\t\t\t<div class=\"elementor-element elementor-element-29d9f3b elementor-widget elementor-widget-heading\" data-id=\"29d9f3b\" data-element_type=\"widget\" data-widget_type=\"heading.default\">\n\t\t\t\t<div class=\"elementor-widget-container\">\n\t\t\t<p class=\"elementor-heading-title elementor-size-default\">Ismerjen meg minket !<\/p>\t\t<\/div>\n\t\t\t\t<\/div>\n\t\t\t\t\t<\/div>\n\t\t\t\t<\/div>\n\t\t\t\t\t<\/div>\n\t\t\t\t<\/div>\n\t\t\t\t<\/div>\n\t\t<div class=\"elementor-element elementor-element-939a71b e-con-full e-flex e-con e-child\" data-id=\"939a71b\" data-element_type=\"container\" data-settings=\"{&quot;jet_parallax_layout_list&quot;:[]}\">\n\t\t\t\t<\/div>\n\t\t\t\t\t<\/div>\n\t\t\t\t<\/div>\n\t\t<div class=\"elementor-element elementor-element-a23676d e-flex e-con-boxed e-con e-parent\" data-id=\"a23676d\" data-element_type=\"container\" data-settings=\"{&quot;background_background&quot;:&quot;classic&quot;,&quot;jet_parallax_layout_list&quot;:[]}\" data-core-v316-plus=\"true\">\n\t\t\t\t\t<div class=\"e-con-inner\">\n\t\t<div class=\"elementor-element elementor-element-f81fc76 e-con-full e-flex e-con e-child\" data-id=\"f81fc76\" data-element_type=\"container\" data-settings=\"{&quot;jet_parallax_layout_list&quot;:[]}\">\n\t\t\t\t<div class=\"elementor-element elementor-element-9d7d698 elementor-widget elementor-widget-heading\" data-id=\"9d7d698\" data-element_type=\"widget\" data-widget_type=\"heading.default\">\n\t\t\t\t<div class=\"elementor-widget-container\">\n\t\t\t<h2 class=\"elementor-heading-title elementor-size-default\">R\u00f3lunk<\/h2>\t\t<\/div>\n\t\t\t\t<\/div>\n\t\t\t\t<div class=\"elementor-element elementor-element-048fecc elementor-widget-divider--view-line elementor-widget elementor-widget-divider\" data-id=\"048fecc\" data-element_type=\"widget\" data-widget_type=\"divider.default\">\n\t\t\t\t<div class=\"elementor-widget-container\">\n\t\t\t<style>\/*! elementor - v3.20.0 - 20-03-2024 *\/\n.elementor-widget-divider{--divider-border-style:none;--divider-border-width:1px;--divider-color:#0c0d0e;--divider-icon-size:20px;--divider-element-spacing:10px;--divider-pattern-height:24px;--divider-pattern-size:20px;--divider-pattern-url:none;--divider-pattern-repeat:repeat-x}.elementor-widget-divider .elementor-divider{display:flex}.elementor-widget-divider .elementor-divider__text{font-size:15px;line-height:1;max-width:95%}.elementor-widget-divider .elementor-divider__element{margin:0 var(--divider-element-spacing);flex-shrink:0}.elementor-widget-divider .elementor-icon{font-size:var(--divider-icon-size)}.elementor-widget-divider .elementor-divider-separator{display:flex;margin:0;direction:ltr}.elementor-widget-divider--view-line_icon .elementor-divider-separator,.elementor-widget-divider--view-line_text .elementor-divider-separator{align-items:center}.elementor-widget-divider--view-line_icon .elementor-divider-separator:after,.elementor-widget-divider--view-line_icon .elementor-divider-separator:before,.elementor-widget-divider--view-line_text .elementor-divider-separator:after,.elementor-widget-divider--view-line_text .elementor-divider-separator:before{display:block;content:\"\";border-block-end:0;flex-grow:1;border-block-start:var(--divider-border-width) var(--divider-border-style) var(--divider-color)}.elementor-widget-divider--element-align-left .elementor-divider .elementor-divider-separator>.elementor-divider__svg:first-of-type{flex-grow:0;flex-shrink:100}.elementor-widget-divider--element-align-left .elementor-divider-separator:before{content:none}.elementor-widget-divider--element-align-left .elementor-divider__element{margin-left:0}.elementor-widget-divider--element-align-right .elementor-divider .elementor-divider-separator>.elementor-divider__svg:last-of-type{flex-grow:0;flex-shrink:100}.elementor-widget-divider--element-align-right .elementor-divider-separator:after{content:none}.elementor-widget-divider--element-align-right .elementor-divider__element{margin-right:0}.elementor-widget-divider--element-align-start .elementor-divider .elementor-divider-separator>.elementor-divider__svg:first-of-type{flex-grow:0;flex-shrink:100}.elementor-widget-divider--element-align-start .elementor-divider-separator:before{content:none}.elementor-widget-divider--element-align-start .elementor-divider__element{margin-inline-start:0}.elementor-widget-divider--element-align-end .elementor-divider .elementor-divider-separator>.elementor-divider__svg:last-of-type{flex-grow:0;flex-shrink:100}.elementor-widget-divider--element-align-end .elementor-divider-separator:after{content:none}.elementor-widget-divider--element-align-end .elementor-divider__element{margin-inline-end:0}.elementor-widget-divider:not(.elementor-widget-divider--view-line_text):not(.elementor-widget-divider--view-line_icon) .elementor-divider-separator{border-block-start:var(--divider-border-width) var(--divider-border-style) var(--divider-color)}.elementor-widget-divider--separator-type-pattern{--divider-border-style:none}.elementor-widget-divider--separator-type-pattern.elementor-widget-divider--view-line .elementor-divider-separator,.elementor-widget-divider--separator-type-pattern:not(.elementor-widget-divider--view-line) .elementor-divider-separator:after,.elementor-widget-divider--separator-type-pattern:not(.elementor-widget-divider--view-line) .elementor-divider-separator:before,.elementor-widget-divider--separator-type-pattern:not([class*=elementor-widget-divider--view]) .elementor-divider-separator{width:100%;min-height:var(--divider-pattern-height);-webkit-mask-size:var(--divider-pattern-size) 100%;mask-size:var(--divider-pattern-size) 100%;-webkit-mask-repeat:var(--divider-pattern-repeat);mask-repeat:var(--divider-pattern-repeat);background-color:var(--divider-color);-webkit-mask-image:var(--divider-pattern-url);mask-image:var(--divider-pattern-url)}.elementor-widget-divider--no-spacing{--divider-pattern-size:auto}.elementor-widget-divider--bg-round{--divider-pattern-repeat:round}.rtl .elementor-widget-divider .elementor-divider__text{direction:rtl}.e-con-inner>.elementor-widget-divider,.e-con>.elementor-widget-divider{width:var(--container-widget-width,100%);--flex-grow:var(--container-widget-flex-grow)}<\/style>\t\t<div class=\"elementor-divider\">\n\t\t\t<span class=\"elementor-divider-separator\">\n\t\t\t\t\t\t<\/span>\n\t\t<\/div>\n\t\t\t\t<\/div>\n\t\t\t\t<\/div>\n\t\t\t\t<div class=\"elementor-element elementor-element-fc9ddcc elementor-widget elementor-widget-text-editor\" data-id=\"fc9ddcc\" data-element_type=\"widget\" data-widget_type=\"text-editor.default\">\n\t\t\t\t<div class=\"elementor-widget-container\">\n\t\t\t<style>\/*! elementor - v3.20.0 - 20-03-2024 *\/\n.elementor-widget-text-editor.elementor-drop-cap-view-stacked .elementor-drop-cap{background-color:#69727d;color:#fff}.elementor-widget-text-editor.elementor-drop-cap-view-framed .elementor-drop-cap{color:#69727d;border:3px solid;background-color:transparent}.elementor-widget-text-editor:not(.elementor-drop-cap-view-default) .elementor-drop-cap{margin-top:8px}.elementor-widget-text-editor:not(.elementor-drop-cap-view-default) .elementor-drop-cap-letter{width:1em;height:1em}.elementor-widget-text-editor .elementor-drop-cap{float:left;text-align:center;line-height:1;font-size:50px}.elementor-widget-text-editor .elementor-drop-cap-letter{display:inline-block}<\/style>\t\t\t\t<p>N\u00e1lunk, ahol az innov\u00e1ci\u00f3 \u00e9s a precizit\u00e1s tal\u00e1lkozik, k\u00fcl\u00f6nleges elj\u00e1r\u00e1sokkal \u00e1llunk az \u00d6n szolg\u00e1lat\u00e1ban. B\u00fcszk\u00e9k vagyunk arra, hogy a piacon egyed\u00fcl\u00e1ll\u00f3, szoftveres optimaliz\u00e1l\u00e1ssal kombin\u00e1lt m\u00e9lytiszt\u00edt\u00e1si technik\u00e1kat alkalmazunk, amelyek nemcsak tiszt\u00edtj\u00e1k, hanem teljes\u00edtm\u00e9nyoptimaliz\u00e1l\u00e1st is v\u00e9geznek a motorokon. Ez a folyamat kiterjed a kataliz\u00e1torok \u00e9s r\u00e9szecskesz\u0171r\u0151k prec\u00edz tiszt\u00edt\u00e1s\u00e1ra, valamint a j\u00e1rm\u0171 alkatr\u00e9szeinek gondos jav\u00edt\u00e1s\u00e1ra, biztos\u00edtva, hogy j\u00e1rm\u0171ve minden eddigin\u00e9l hat\u00e9konyabban m\u0171k\u00f6dj\u00f6n.<br \/>Mi t\u00f6bb, szak\u00e9rt\u0151 csapatunk az \u00d6n rendelkez\u00e9s\u00e9re \u00e1ll, hogy szem\u00e9lyre szabott megold\u00e1sokat k\u00edn\u00e1ljon minden egyedi ig\u00e9nyre. Hisz\u00fcnk abban, hogy minden j\u00e1rm\u0171 egyedi, \u00e9s meg\u00e9rdemli azt a figyelmet \u00e9s gondoskod\u00e1st, amit csak egy piacvezet\u0151 c\u00e9g ny\u00fajthat.<br \/>V\u00e1lassza a szak\u00e9rtelmet, v\u00e1lassza a min\u0151s\u00e9get, v\u00e1lasszon minket, ha a legjobbat akarja j\u00e1rm\u0171v\u00e9nek. Legyen r\u00e9szese egy olyan utaz\u00e1snak, ahol a technol\u00f3gia \u00e9s a megb\u00edzhat\u00f3s\u00e1g k\u00e9z a k\u00e9zben halad, \u00e9s tapasztalja meg azonnali javul\u00e1st j\u00e1rm\u0171ve teljes\u00edtm\u00e9ny\u00e9ben \u00e9s hat\u00e9konys\u00e1g\u00e1ban. Mert n\u00e1lunk a j\u00e1rm\u0171jav\u00edt\u00e1s nem csak szolg\u00e1ltat\u00e1s, hanem szenved\u00e9ly.<\/p>\t\t\t\t\t\t<\/div>\n\t\t\t\t<\/div>\n\t\t\t\t<\/div>\n\t\t<div class=\"elementor-element elementor-element-2c90dda e-con-full e-flex e-con e-child\" data-id=\"2c90dda\" data-element_type=\"container\" data-settings=\"{&quot;jet_parallax_layout_list&quot;:[]}\">\n\t\t\t\t<div class=\"elementor-element elementor-element-003cada elementor-widget elementor-widget-image\" data-id=\"003cada\" data-element_type=\"widget\" data-widget_type=\"image.default\">\n\t\t\t\t<div class=\"elementor-widget-container\">\n\t\t\t<style>\/*! elementor - v3.20.0 - 20-03-2024 *\/\n.elementor-widget-image{text-align:center}.elementor-widget-image a{display:inline-block}.elementor-widget-image a img[src$=\".svg\"]{width:48px}.elementor-widget-image img{vertical-align:middle;display:inline-block}<\/style>\t\t\t\t\t\t\t\t\t\t<img fetchpriority=\"high\" decoding=\"async\" width=\"800\" height=\"534\" src=\"https:\/\/dpfspa.hu\/wp-content\/uploads\/2024\/03\/2191185-1024x683.jpg\" class=\"attachment-large size-large wp-image-153\" alt=\"auto, car service, cars\" srcset=\"https:\/\/dpfspa.hu\/wp-content\/uploads\/2024\/03\/2191185-1024x683.jpg 1024w, https:\/\/dpfspa.hu\/wp-content\/uploads\/2024\/03\/2191185-300x200.jpg 300w, https:\/\/dpfspa.hu\/wp-content\/uploads\/2024\/03\/2191185-768x512.jpg 768w, https:\/\/dpfspa.hu\/wp-content\/uploads\/2024\/03\/2191185.jpg 1280w\" sizes=\"(max-width: 800px) 100vw, 800px\" \/>\t\t\t\t\t\t\t\t\t\t\t\t\t<\/div>\n\t\t\t\t<\/div>\n\t\t\t\t<\/div>\n\t\t\t\t\t<\/div>\n\t\t\t\t<\/div>\n\t\t<div class=\"elementor-element elementor-element-6af236b e-flex e-con-boxed e-con e-parent\" data-id=\"6af236b\" data-element_type=\"container\" data-settings=\"{&quot;jet_parallax_layout_list&quot;:[]}\" data-core-v316-plus=\"true\">\n\t\t\t\t\t<div class=\"e-con-inner\">\n\t\t\t\t<div class=\"elementor-element elementor-element-e4823be elementor-widget elementor-widget-heading\" data-id=\"e4823be\" data-element_type=\"widget\" data-widget_type=\"heading.default\">\n\t\t\t\t<div class=\"elementor-widget-container\">\n\t\t\t<h2 class=\"elementor-heading-title elementor-size-default\">Mi\u00e9rt v\u00e1lassz minket?<\/h2>\t\t<\/div>\n\t\t\t\t<\/div>\n\t\t\t\t\t<\/div>\n\t\t\t\t<\/div>\n\t\t<div class=\"elementor-element elementor-element-828985d e-flex e-con-boxed e-con e-parent\" data-id=\"828985d\" data-element_type=\"container\" data-settings=\"{&quot;jet_parallax_layout_list&quot;:[]}\" data-core-v316-plus=\"true\">\n\t\t\t\t\t<div class=\"e-con-inner\">\n\t\t<div class=\"elementor-element elementor-element-e4bb526 e-con-full e-flex e-con e-child\" data-id=\"e4bb526\" data-element_type=\"container\" data-settings=\"{&quot;jet_parallax_layout_list&quot;:[]}\">\n\t\t\t\t<div class=\"elementor-element elementor-element-e4c59bc elementor-view-default elementor-position-top elementor-mobile-position-top elementor-widget elementor-widget-icon-box\" data-id=\"e4c59bc\" data-element_type=\"widget\" data-widget_type=\"icon-box.default\">\n\t\t\t\t<div class=\"elementor-widget-container\">\n\t\t\t<link rel=\"stylesheet\" href=\"https:\/\/dpfspa.hu\/wp-content\/plugins\/elementor\/assets\/css\/widget-icon-box.min.css\">\t\t<div class=\"elementor-icon-box-wrapper\">\n\t\t\t\t\t\t<div class=\"elementor-icon-box-icon\">\n\t\t\t\t<span  class=\"elementor-icon elementor-animation-\">\n\t\t\t\t<svg aria-hidden=\"true\" class=\"e-font-icon-svg e-far-gem\" viewBox=\"0 0 576 512\" xmlns=\"http:\/\/www.w3.org\/2000\/svg\"><path d=\"M464 0H112c-4 0-7.8 2-10 5.4L2 152.6c-2.9 4.4-2.6 10.2.7 14.2l276 340.8c4.8 5.9 13.8 5.9 18.6 0l276-340.8c3.3-4.1 3.6-9.8.7-14.2L474.1 5.4C471.8 2 468.1 0 464 0zm-19.3 48l63.3 96h-68.4l-51.7-96h56.8zm-202.1 0h90.7l51.7 96H191l51.6-96zm-111.3 0h56.8l-51.7 96H68l63.3-96zm-43 144h51.4L208 352 88.3 192zm102.9 0h193.6L288 435.3 191.2 192zM368 352l68.2-160h51.4L368 352z\"><\/path><\/svg>\t\t\t\t<\/span>\n\t\t\t<\/div>\n\t\t\t\t\t\t<div class=\"elementor-icon-box-content\">\n\t\t\t\t<h3 class=\"elementor-icon-box-title\">\n\t\t\t\t\t<span  >\n\t\t\t\t\t\tSzak\u00e9rtelem \u00e9s Tapasztalat\u200b\t\t\t\t\t<\/span>\n\t\t\t\t<\/h3>\n\t\t\t\t\t\t\t\t\t<p class=\"elementor-icon-box-description\">\n\t\t\t\t\t\tV\u00e1llalkoz\u00e1sunk \u00e9vtizedek \u00f3ta az aut\u00f3iparban tev\u00e9kenykedik, k\u00fcl\u00f6n\u00f6s tekintettel a leg\u00fajabb technol\u00f3gi\u00e1kra \u00e9s elj\u00e1r\u00e1sokra\t\t\t\t\t<\/p>\n\t\t\t\t\t\t\t<\/div>\n\t\t<\/div>\n\t\t\t\t<\/div>\n\t\t\t\t<\/div>\n\t\t\t\t<\/div>\n\t\t<div class=\"elementor-element elementor-element-0321eac e-con-full e-flex e-con e-child\" data-id=\"0321eac\" data-element_type=\"container\" data-settings=\"{&quot;jet_parallax_layout_list&quot;:[]}\">\n\t\t\t\t<div class=\"elementor-element elementor-element-e119ebf elementor-view-default elementor-position-top elementor-mobile-position-top elementor-widget elementor-widget-icon-box\" data-id=\"e119ebf\" data-element_type=\"widget\" data-widget_type=\"icon-box.default\">\n\t\t\t\t<div class=\"elementor-widget-container\">\n\t\t\t\t\t<div class=\"elementor-icon-box-wrapper\">\n\t\t\t\t\t\t<div class=\"elementor-icon-box-icon\">\n\t\t\t\t<span  class=\"elementor-icon elementor-animation-\">\n\t\t\t\t<svg aria-hidden=\"true\" class=\"e-font-icon-svg e-far-user\" viewBox=\"0 0 448 512\" xmlns=\"http:\/\/www.w3.org\/2000\/svg\"><path d=\"M313.6 304c-28.7 0-42.5 16-89.6 16-47.1 0-60.8-16-89.6-16C60.2 304 0 364.2 0 438.4V464c0 26.5 21.5 48 48 48h352c26.5 0 48-21.5 48-48v-25.6c0-74.2-60.2-134.4-134.4-134.4zM400 464H48v-25.6c0-47.6 38.8-86.4 86.4-86.4 14.6 0 38.3 16 89.6 16 51.7 0 74.9-16 89.6-16 47.6 0 86.4 38.8 86.4 86.4V464zM224 288c79.5 0 144-64.5 144-144S303.5 0 224 0 80 64.5 80 144s64.5 144 144 144zm0-240c52.9 0 96 43.1 96 96s-43.1 96-96 96-96-43.1-96-96 43.1-96 96-96z\"><\/path><\/svg>\t\t\t\t<\/span>\n\t\t\t<\/div>\n\t\t\t\t\t\t<div class=\"elementor-icon-box-content\">\n\t\t\t\t<h3 class=\"elementor-icon-box-title\">\n\t\t\t\t\t<span  >\n\t\t\t\t\t\tEgyedi Megk\u00f6zel\u00edt\u00e9s\u200b\t\t\t\t\t<\/span>\n\t\t\t\t<\/h3>\n\t\t\t\t\t\t\t\t\t<p class=\"elementor-icon-box-description\">\n\t\t\t\t\t\tTiszt\u00e1ban vagyunk azzal, hogy minden \u00fcgyf\u00e9l \u00e9s j\u00e1rm\u0171 egyedi ig\u00e9nyekkel rendelkezik. Ez\u00e9rt minden esetet egyedi megk\u00f6zel\u00edt\u00e9ssel kezel\u00fcnk, hogy a lehet\u0151 legjobb megold\u00e1st ny\u00fajthassuk.\t\t\t\t\t<\/p>\n\t\t\t\t\t\t\t<\/div>\n\t\t<\/div>\n\t\t\t\t<\/div>\n\t\t\t\t<\/div>\n\t\t\t\t<\/div>\n\t\t<div class=\"elementor-element elementor-element-3e141bb e-con-full e-flex e-con e-child\" data-id=\"3e141bb\" data-element_type=\"container\" data-settings=\"{&quot;jet_parallax_layout_list&quot;:[]}\">\n\t\t\t\t<div class=\"elementor-element elementor-element-90073eb elementor-view-default elementor-position-top elementor-mobile-position-top elementor-widget elementor-widget-icon-box\" data-id=\"90073eb\" data-element_type=\"widget\" data-widget_type=\"icon-box.default\">\n\t\t\t\t<div class=\"elementor-widget-container\">\n\t\t\t\t\t<div class=\"elementor-icon-box-wrapper\">\n\t\t\t\t\t\t<div class=\"elementor-icon-box-icon\">\n\t\t\t\t<span  class=\"elementor-icon elementor-animation-\">\n\t\t\t\t<svg aria-hidden=\"true\" class=\"e-font-icon-svg e-fas-search\" viewBox=\"0 0 512 512\" xmlns=\"http:\/\/www.w3.org\/2000\/svg\"><path d=\"M505 442.7L405.3 343c-4.5-4.5-10.6-7-17-7H372c27.6-35.3 44-79.7 44-128C416 93.1 322.9 0 208 0S0 93.1 0 208s93.1 208 208 208c48.3 0 92.7-16.4 128-44v16.3c0 6.4 2.5 12.5 7 17l99.7 99.7c9.4 9.4 24.6 9.4 33.9 0l28.3-28.3c9.4-9.4 9.4-24.6.1-34zM208 336c-70.7 0-128-57.2-128-128 0-70.7 57.2-128 128-128 70.7 0 128 57.2 128 128 0 70.7-57.2 128-128 128z\"><\/path><\/svg>\t\t\t\t<\/span>\n\t\t\t<\/div>\n\t\t\t\t\t\t<div class=\"elementor-icon-box-content\">\n\t\t\t\t<h3 class=\"elementor-icon-box-title\">\n\t\t\t\t\t<span  >\n\t\t\t\t\t\t\u00c1tl\u00e1that\u00f3s\u00e1g \u00e9s Megb\u00edzhat\u00f3s\u00e1g\t\t\t\t\t<\/span>\n\t\t\t\t<\/h3>\n\t\t\t\t\t\t\t\t\t<p class=\"elementor-icon-box-description\">\n\t\t\t\t\t\t\u00dczleti filoz\u00f3fi\u00e1nk k\u00f6z\u00e9ppontj\u00e1ban az \u00fcgyfelek el\u00e9gedetts\u00e9ge \u00e9s bizalma \u00e1ll. Teljes \u00e1tl\u00e1that\u00f3s\u00e1got biztos\u00edtunk szolg\u00e1ltat\u00e1sainkr\u00f3l \u00e9s d\u00edjainkr\u00f3l.\t\t\t\t\t<\/p>\n\t\t\t\t\t\t\t<\/div>\n\t\t<\/div>\n\t\t\t\t<\/div>\n\t\t\t\t<\/div>\n\t\t\t\t<\/div>\n\t\t\t\t\t<\/div>\n\t\t\t\t<\/div>\n\t\t<div class=\"elementor-element elementor-element-f78b0c9 e-flex e-con-boxed e-con e-parent\" data-id=\"f78b0c9\" data-element_type=\"container\" data-settings=\"{&quot;jet_parallax_layout_list&quot;:[]}\" data-core-v316-plus=\"true\">\n\t\t\t\t\t<div class=\"e-con-inner\">\n\t\t<div class=\"elementor-element elementor-element-9cac782 e-con-full e-flex e-con e-child\" data-id=\"9cac782\" data-element_type=\"container\" data-settings=\"{&quot;jet_parallax_layout_list&quot;:[]}\">\n\t\t\t\t<div class=\"elementor-element elementor-element-c8081ed elementor-widget elementor-widget-image\" data-id=\"c8081ed\" data-element_type=\"widget\" data-widget_type=\"image.default\">\n\t\t\t\t<div class=\"elementor-widget-container\">\n\t\t\t\t\t\t\t\t\t\t\t\t\t<img decoding=\"async\" width=\"500\" height=\"500\" src=\"https:\/\/dpfspa.hu\/wp-content\/uploads\/2024\/03\/dpf-hybrid-platinum-3.webp\" class=\"attachment-large size-large wp-image-77\" alt=\"\" srcset=\"https:\/\/dpfspa.hu\/wp-content\/uploads\/2024\/03\/dpf-hybrid-platinum-3.webp 500w, https:\/\/dpfspa.hu\/wp-content\/uploads\/2024\/03\/dpf-hybrid-platinum-3-300x300.webp 300w, https:\/\/dpfspa.hu\/wp-content\/uploads\/2024\/03\/dpf-hybrid-platinum-3-150x150.webp 150w\" sizes=\"(max-width: 500px) 100vw, 500px\" \/>\t\t\t\t\t\t\t\t\t\t\t\t\t<\/div>\n\t\t\t\t<\/div>\n\t\t\t\t<\/div>\n\t\t<div class=\"elementor-element elementor-element-6a30ce2 e-con-full e-flex e-con e-child\" data-id=\"6a30ce2\" data-element_type=\"container\" data-settings=\"{&quot;jet_parallax_layout_list&quot;:[]}\">\n\t\t\t\t<div class=\"elementor-element elementor-element-b2c4c25 elementor-widget elementor-widget-heading\" data-id=\"b2c4c25\" data-element_type=\"widget\" data-widget_type=\"heading.default\">\n\t\t\t\t<div class=\"elementor-widget-container\">\n\t\t\t<h2 class=\"elementor-heading-title elementor-size-default\">Mivel dolgozunk?<\/h2>\t\t<\/div>\n\t\t\t\t<\/div>\n\t\t\t\t<div class=\"elementor-element elementor-element-38f39dc elementor-widget elementor-widget-text-editor\" data-id=\"38f39dc\" data-element_type=\"widget\" data-widget_type=\"text-editor.default\">\n\t\t\t\t<div class=\"elementor-widget-container\">\n\t\t\t\t\t\t\t<p>Az OTOMATIC Lengyelorsz\u00e1g legnagyobb, Eur\u00f3p\u00e1ban vezet\u0151 gy\u00e1rt\u00f3ja a DPF\/FAP\/GPF sz\u0171r\u0151k \u00e9s a DOC\/SCR kataliz\u00e1torok tiszt\u00edt\u00e1s\u00e1ra szolg\u00e1l\u00f3 g\u00e9peknek.<\/p><p>A tiszt\u00edt\u00e1s 3 szakasza<br \/>DPF | FAP | DOC | SCR<br \/>A r\u00e9szecskesz\u0171r\u0151-tiszt\u00edt\u00e1s minden f\u00e1zisa egyetlen g\u00e9pegys\u00e9gben.<\/p><div class=\"flex-1 overflow-hidden\"><div class=\"react-scroll-to-bottom--css-ohcvt-79elbk h-full\"><div class=\"react-scroll-to-bottom--css-ohcvt-1n7m0yu\"><div class=\"flex flex-col text-sm pb-9\"><div class=\"w-full text-token-text-primary\" data-testid=\"conversation-turn-7\"><div class=\"px-4 py-2 justify-center text-base md:gap-6 m-auto\"><div class=\"flex flex-1 text-base mx-auto gap-3 md:px-5 lg:px-1 xl:px-5 md:max-w-3xl lg:max-w-[40rem] xl:max-w-[48rem] group final-completion\"><div class=\"relative flex w-full flex-col agent-turn\"><div class=\"flex-col gap-1 md:gap-3\"><div class=\"flex flex-grow flex-col max-w-full\"><div class=\"min-h-[20px] text-message flex flex-col items-start gap-3 whitespace-pre-wrap break-words [.text-message+&amp;]:mt-5 overflow-x-auto\" data-message-author-role=\"assistant\" data-message-id=\"df2ec080-f542-42f5-8642-55834ea0ab33\"><div class=\"markdown prose w-full break-words dark:prose-invert dark\"><ol><li><p>szakasz &#8211; L\u00e9gnyom\u00e1sos el\u0151tiszt\u00edt\u00e1s A l\u00e9gnyom\u00e1sos el\u0151tiszt\u00edt\u00e1si technik\u00e1nk, a Turbo Air Pulse, az Otomatic \u00e1ltal fejlesztett DPF Hybrid tiszt\u00edt\u00e1si technika els\u0151 l\u00e9p\u00e9se. Ebben az el\u0151k\u00e9sz\u00edt\u0151 f\u00e1zisban a sz\u0171r\u0151ben felhalmoz\u00f3dott korom \u00e9s hamu szil\u00e1rd anyagait f\u00fajjuk ki a sz\u0171r\u0151csatorn\u00e1kb\u00f3l. Ez a folyamat el\u0151k\u00e9sz\u00edti a sz\u0171r\u0151t a k\u00f6vetkez\u0151, v\u00edzalap\u00fa tiszt\u00edt\u00e1si szakaszra.<\/p><\/li><li><p>szakasz &#8211; V\u00edzdinamikai tiszt\u00edt\u00e1s Az els\u0151 szakasz ut\u00e1n, ahol a sz\u0171r\u0151csatorn\u00e1k megtisztulnak a koromt\u00f3l \u00e9s hamut\u00f3l, a sz\u0171r\u0151 k\u00e9szen \u00e1ll a v\u00edzalap\u00fa tiszt\u00edt\u00e1sra. Ebben a l\u00e9p\u00e9sben a kontroll\u00e1lt l\u00e9gnyom\u00e1spulzusok n\u00f6velik a v\u00edz\u00e1ram tiszt\u00edt\u00f3 hat\u00e1s\u00e1t, hat\u00e9konyan elt\u00e1vol\u00edtva a sz\u0171r\u0151csatorn\u00e1kon megtapadt \u00f6sszes szil\u00e1rd szennyez\u0151d\u00e9st. Ez a l\u00e9p\u00e9s fokozza a tiszt\u00edt\u00e1si folyamatot, a kontroll\u00e1lt l\u00e9gnyom\u00e1spulzusok kulcsfontoss\u00e1g\u00fa szerepet t\u00f6ltenek be itt.<\/p><\/li><li><p>szakasz &#8211; H\u0151l\u00e9gf\u00fav\u00e1sos sz\u00e1r\u00edt\u00e1s Az Otomatic fejlesztett ki egy \u00faj sz\u00e1r\u00edt\u00e1si elj\u00e1r\u00e1st, a Thermo Air Pulse-t, amely a hibrid r\u00e9szecskesz\u0171r\u0151 tiszt\u00edt\u00e1si folyamat r\u00e9sze. Ebben a szakaszban intenz\u00edv meleg leveg\u0151 l\u00f6keteket haszn\u00e1lunk a sz\u00e1r\u00edt\u00e1si f\u00e1zisban, biztos\u00edtva a nedvess\u00e9g alapos elt\u00e1vol\u00edt\u00e1s\u00e1t \u00e9s a sz\u0171r\u0151csatorn\u00e1kban maradt piszkos \u00f6bl\u00edt\u0151v\u00edz p\u00e1rolg\u00e1s\u00e1nak megakad\u00e1lyoz\u00e1s\u00e1t. Ezek a megn\u00f6velt h\u0151m\u00e9rs\u00e9klet\u0171 leveg\u0151 l\u00f6ketek elt\u00e9rnek a v\u00edzdinamikai tiszt\u00edt\u00e1si szakaszban alkalmazottakt\u00f3l \u00e9s kiv\u00e9teles sz\u00e1r\u00edt\u00e1si hat\u00e9konys\u00e1got biztos\u00edtanak<\/p><\/li><\/ol><\/div><\/div><\/div><\/div><\/div><\/div><\/div><\/div><\/div><\/div><\/div><\/div>\t\t\t\t\t\t<\/div>\n\t\t\t\t<\/div>\n\t\t\t\t<\/div>\n\t\t\t\t\t<\/div>\n\t\t\t\t<\/div>\n\t\t\t\t<\/div>\n\t\t","protected":false},"excerpt":{"rendered":"<p>Kik vagyunk? Ismerjen meg minket ! R\u00f3lunk N\u00e1lunk, ahol az innov\u00e1ci\u00f3 \u00e9s a precizit\u00e1s tal\u00e1lkozik, k\u00fcl\u00f6nleges elj\u00e1r\u00e1sokkal \u00e1llunk az \u00d6n szolg\u00e1lat\u00e1ban. B\u00fcszk\u00e9k vagyunk arra, hogy a piacon egyed\u00fcl\u00e1ll\u00f3, szoftveres optimaliz\u00e1l\u00e1ssal kombin\u00e1lt m\u00e9lytiszt\u00edt\u00e1si technik\u00e1kat alkalmazunk, amelyek nemcsak tiszt\u00edtj\u00e1k, hanem teljes\u00edtm\u00e9nyoptimaliz\u00e1l\u00e1st is v\u00e9geznek a motorokon. Ez a folyamat kiterjed a kataliz\u00e1torok \u00e9s r\u00e9szecskesz\u0171r\u0151k prec\u00edz tiszt\u00edt\u00e1s\u00e1ra, valamint a [&hellip;]<\/p>\n","protected":false},"author":1,"featured_media":0,"parent":0,"menu_order":0,"comment_status":"closed","ping_status":"closed","template":"","meta":{"footnotes":""},"_links":{"self":[{"href":"https:\/\/dpfspa.hu\/index.php\/wp-json\/wp\/v2\/pages\/150"}],"collection":[{"href":"https:\/\/dpfspa.hu\/index.php\/wp-json\/wp\/v2\/pages"}],"about":[{"href":"https:\/\/dpfspa.hu\/index.php\/wp-json\/wp\/v2\/types\/page"}],"author":[{"embeddable":true,"href":"https:\/\/dpfspa.hu\/index.php\/wp-json\/wp\/v2\/users\/1"}],"replies":[{"embeddable":true,"href":"https:\/\/dpfspa.hu\/index.php\/wp-json\/wp\/v2\/comments?post=150"}],"version-history":[{"count":4,"href":"https:\/\/dpfspa.hu\/index.php\/wp-json\/wp\/v2\/pages\/150\/revisions"}],"predecessor-version":[{"id":165,"href":"https:\/\/dpfspa.hu\/index.php\/wp-json\/wp\/v2\/pages\/150\/revisions\/165"}],"wp:attachment":[{"href":"https:\/\/dpfspa.hu\/index.php\/wp-json\/wp\/v2\/media?parent=150"}],"curies":[{"name":"wp","href":"https:\/\/api.w.org\/{rel}","templated":true}]}}